{"id":1376,"date":"2021-02-20T10:47:10","date_gmt":"2021-02-20T09:47:10","guid":{"rendered":"https:\/\/blnev.de\/?page_id=1376"},"modified":"2023-09-25T19:47:03","modified_gmt":"2023-09-25T17:47:03","slug":"politisches-schaufenster","status":"publish","type":"page","link":"https:\/\/blnev.de\/?page_id=1376","title":{"rendered":"Politisches Schaufenster  (neues Update, September 2023)"},"content":{"rendered":"<p>J<strong>a zu Photovoltaikanlagen, Nein zu ausw\u00e4rtigen Investoren<\/strong><br \/>\nLandwirtschaftliche Fl\u00e4chen bewahren!<br \/>\n<a href=\"https:\/\/blnev.de\/?attachment_id=1984\" rel=\"attachment wp-att-1984\"><img loading=\"lazy\" decoding=\"async\" src=\"https:\/\/blnev.de\/wp-content\/uploads\/2023\/09\/Schaufenster-Photovoltaik-Bild-2023-09-25-.jpg\" alt=\"\" width=\"1024\" height=\"768\" class=\"alignnone size-full wp-image-1984\" srcset=\"https:\/\/blnev.de\/wp-content\/uploads\/2023\/09\/Schaufenster-Photovoltaik-Bild-2023-09-25-.jpg 1024w, https:\/\/blnev.de\/wp-content\/uploads\/2023\/09\/Schaufenster-Photovoltaik-Bild-2023-09-25--300x225.jpg 300w, https:\/\/blnev.de\/wp-content\/uploads\/2023\/09\/Schaufenster-Photovoltaik-Bild-2023-09-25--768x576.jpg 768w, https:\/\/blnev.de\/wp-content\/uploads\/2023\/09\/Schaufenster-Photovoltaik-Bild-2023-09-25--400x300.jpg 400w\" sizes=\"auto, (max-width: 1024px) 100vw, 1024px\" \/><\/a><br \/>\n<a href=\"https:\/\/blnev.de\/?attachment_id=1979\" rel=\"attachment wp-att-1979\"><img loading=\"lazy\" decoding=\"async\" src=\"https:\/\/blnev.de\/wp-content\/uploads\/2023\/08\/BLN-Flyer-Photovoltaik-2023-Aug-scaled.jpg\" alt=\"\" width=\"1864\" height=\"2560\" class=\"alignnone size-full wp-image-1979\" srcset=\"https:\/\/blnev.de\/wp-content\/uploads\/2023\/08\/BLN-Flyer-Photovoltaik-2023-Aug-scaled.jpg 1864w, https:\/\/blnev.de\/wp-content\/uploads\/2023\/08\/BLN-Flyer-Photovoltaik-2023-Aug-218x300.jpg 218w, https:\/\/blnev.de\/wp-content\/uploads\/2023\/08\/BLN-Flyer-Photovoltaik-2023-Aug-746x1024.jpg 746w, https:\/\/blnev.de\/wp-content\/uploads\/2023\/08\/BLN-Flyer-Photovoltaik-2023-Aug-768x1054.jpg 768w, https:\/\/blnev.de\/wp-content\/uploads\/2023\/08\/BLN-Flyer-Photovoltaik-2023-Aug-1119x1536.jpg 1119w, https:\/\/blnev.de\/wp-content\/uploads\/2023\/08\/BLN-Flyer-Photovoltaik-2023-Aug-1492x2048.jpg 1492w\" sizes=\"auto, (max-width: 1864px) 100vw, 1864px\" \/><\/a><\/p>\n<p><a href=\"https:\/\/blnev.de\/?attachment_id=1911\" rel=\"attachment wp-att-1911\"><img loading=\"lazy\" decoding=\"async\" src=\"https:\/\/blnev.de\/wp-content\/uploads\/2023\/03\/Politisches-Schaufenster-Update-03.23.jpg\" alt=\"\" width=\"613\" height=\"938\" class=\"alignnone size-full wp-image-1911\" srcset=\"https:\/\/blnev.de\/wp-content\/uploads\/2023\/03\/Politisches-Schaufenster-Update-03.23.jpg 613w, https:\/\/blnev.de\/wp-content\/uploads\/2023\/03\/Politisches-Schaufenster-Update-03.23-196x300.jpg 196w\" sizes=\"auto, (max-width: 613px) 100vw, 613px\" \/><\/a><\/p>\n<p><strong><br \/>\n<em>\u00c4ltere Beitr\u00e4ge:<\/em><strong><\/strong><\/p>\n<p><strong>Liebe Besucherinnen und Besucher,<br \/>\ndie nachfolgende Glosse hat uns von einem politisch interessierten B\u00fcrger erreicht. Er hat uns gebeten, diese auf unserer Homepage zu ver\u00f6ffentlichen. F\u00fcr die inhaltlichen Aussagen \u00fcbernehmen wir keine Verantwortung.<\/strong><\/p>\n<p>Politischer Auftakt zum Fasching:<br \/>\nEin\u201c Herrscher\u201c braucht kein Parlament.<br \/>\nKompromisse sind ihm fremd!<br \/>\nEs ist zwar Volkes Souver\u00e4n,<br \/>\ndoch ohne es wirds besser gehn!<br \/>\n\u201eVerpflichtungserm\u00e4chtigung\u201c hat er ausgeheckt<br \/>\nund so Millionen im Haushalt \u201eversteckt,\u201c<br \/>\nganz allein f\u00fcr sich, was soll ich sagen,<br \/>\ner braucht jetzt keinen mehr zu fragen.<br \/>\nSo kann er walten wie er will,<br \/>\ndie anderen sind endlich still!<br \/>\nNicht schlimm, am Horizont wird\u2019s hell!<br \/>\nBleibt alles beim Alten, nur jetzt offiziell!<br \/>\nDrum heben auch WGN und Genossen<br \/>\nganz ohne zu denken die Einheitsflossen.<\/p>\n<p>Oh, wie ist das sch\u00f6n, Oh, wie ist das sch\u00f6n, so was ham wir lange nicht gesehen! Helau<\/p>\n<p>Die \u201eGemeinde\u201c, das ist die \u201eKasse\u201c<br \/>\nder Mensch geh\u00f6rt zur niedern Klasse.<br \/>\nAls Melkkuh wird er auserkoren<br \/>\nund man bedient sich unverfroren.<br \/>\nDer Haushalt zeigt: Viel Geld im Kasten.<br \/>\nSo w\u00e4r es m\u00f6glich zu entlasten!<br \/>\nDies wurde so auch vorgeschlagen,<br \/>\ndoch unser F\u00fcrst will das nicht haben\u2026<br \/>\nSie bleibt ganz hoch, des Grundes Steuer<br \/>\nund die Kommun uns lieb und teuer.<br \/>\nSo jedenfalls sehns die Genossen<br \/>\nund heben eifrig ihre Flossen. <\/p>\n<p>Jetzt wird wieder in die H\u00e4nde gespuckt, wir steigern das Bruttosozialprodukt.. Helau<\/p>\n<p>Pro Kopf im Dorf wird Geld gegeben,<br \/>\ndenn Kreatur in Not soll leben.<br \/>\nF\u00fcr Tiere, die allein gelassen<br \/>\ngibt\u2019s einen Euro aus den Kassen,<br \/>\nf\u00fcr Frauen 25 Cent,<br \/>\nEi, da hat doch wer gepennt!<br \/>\nDrum gab es einen Antrag hier,<br \/>\nzur Gleichstellung von Mensch und Tier<br \/>\nder forderte  ganz unverdrossen<br \/>\nden \u201eFraueneuro\u201c vom Genossen.<br \/>\nDoch der Oberh\u00e4uptling spricht:<br \/>\nFreunde, nein, so geht das nicht.<br \/>\nBeim Tier die Not, ja die ist echt,<br \/>\n1 \u20ac ist da schon gerecht.<br \/>\nF\u00fcr Frau hingegen gilt das nicht.<br \/>\nSie und ihr Kind sind K\u00fcr, nicht Pflicht!<br \/>\nWenn seine Majest\u00e4t das sagen,<br \/>\nwird\u2019s selbstverst\u00e4ndlich mitgetragen!<br \/>\nDrum heben unsre Co- Genossen<br \/>\nabwehrend ihre Einheitsflossen\u2026<\/p>\n<p>Ich spr\u00fchs an jede H\u00e4userwand, neue M\u00e4nner braucht das Land! Helau<\/p>\n<p>Klimakommune, das klingt toll,<br \/>\ndrum nimmt man auch den Mund ganz voll,<br \/>\num sich genau so nun zu nennen,<br \/>\ndoch ohne auch daf\u00fcr zu brennen.<br \/>\nHecken, Dachgr\u00fcn ,Bienenweiden,<br \/>\nEntsiegelung und \u00e4hnlich Treiben,<br \/>\nall dies sind doch dumme Phrasen<br \/>\nder Fu\u00dfball braucht nen Plastikrasen!<br \/>\nF\u00fcr Nachhaltigkeit Geld ausgeben?<br \/>\nNein, ihr Gr\u00fcnen, nie im Leben!<br \/>\nUnd geht\u2019s der Umwelt an den Kragen,<br \/>\nganz wichtig ist nur NEIN zu sagen!<br \/>\nEinhellig heben die Genossen<br \/>\nund WGN erneut die Flossen.<\/p>\n<p>Herzilein, Du musst nicht traurig sein\u2026 g\u00f6nn Dir noch nen (Bio) Wein. Helau<\/p>\n<p>Nein, was macht ihr nur f\u00fcr Sachen,<br \/>\nsoll man nun weinen oder lachen?<br \/>\nStolpersteine, wer hat die beschlossen?<br \/>\nKnapp nur, ihr konntet`s kaum fassen!<br \/>\n Aus Stein die Gesichter, verbissen der Mund,<br \/>\nwar ein Rechenfehler daf\u00fcr der Grund?<br \/>\nGott h\u00e4lt sich wohl doch zu seinen Schafen,<br \/>\ndrum lie\u00df er Genossen hier friedlich schlafen.<br \/>\n2&#215;3 macht 4 Widdewiddewitt und 3 macht neune, wir machen uns die Welt,<br \/>\nWiddewidde, wie sie uns gef\u00e4llt.  Helau<\/p>\n<p>Vereine gibt\u2019s in Aubel viele,<br \/>\nf\u00fcr Angeln,  Schie\u00dfen, Fu\u00dfballspiele \u2026.<br \/>\nSo pflegen manche gro\u00dfe Pl\u00e4tze,<br \/>\n Ger\u00e4te  haben F\u00f6rders\u00e4tze.<br \/>\nDoch wie kommt Geld nun in die Kasse,<br \/>\ndamits ein M\u00e4her wird mit \u201eKlasse\u201c?<br \/>\nDie Regel sind hier zehn Prozent,<br \/>\ndoch wer vor Ort den \u201eChef\u201cgut kennt<br \/>\nund artig seinen Diener macht,<br \/>\nder kriegt auch 50 &#8211;  w\u00e4r doch gelacht!<br \/>\nSind alle Vereine hier wirklich gleich?<br \/>\nNein, manche sind wichtig,<br \/>\ndie f\u00f6rdert man richtig!<\/p>\n<p>Regeln sind zum Brechen da, fallerie und fallera. Helau<br \/>\nN.N<\/p>\n<p><em><\/p>\n<blockquote><p><strong>Teil 1.<br \/>\nZweitbegutachtung der Kan\u00e4le der Marktgemeinde Niederaula<br \/>\nZum \u00f6ffnen bitte hier klicken&#8212;> <a href=\"https:\/\/blnev.de\/wp-content\/uploads\/2021\/02\/Kanal.pptx\">Kanal<\/a><\/p>\n<p>Teil 2.<br \/>\nBilder aus dem aktuellen politischen Schaufenster an der Hauptstra\u00dfe Kreuzung Eckstock.<br \/>\n<img loading=\"lazy\" decoding=\"async\" src=\"https:\/\/blnev.de\/wp-content\/uploads\/2021\/03\/qwertzuio.png\" alt=\"\" width=\"1756\" height=\"783\" class=\"alignnone size-full wp-image-1456\" srcset=\"https:\/\/blnev.de\/wp-content\/uploads\/2021\/03\/qwertzuio.png 1756w, https:\/\/blnev.de\/wp-content\/uploads\/2021\/03\/qwertzuio-300x134.png 300w, https:\/\/blnev.de\/wp-content\/uploads\/2021\/03\/qwertzuio-1024x457.png 1024w, https:\/\/blnev.de\/wp-content\/uploads\/2021\/03\/qwertzuio-768x342.png 768w, https:\/\/blnev.de\/wp-content\/uploads\/2021\/03\/qwertzuio-1536x685.png 1536w, https:\/\/blnev.de\/wp-content\/uploads\/2021\/03\/qwertzuio-500x223.png 500w\" sizes=\"auto, (max-width: 1756px) 100vw, 1756px\" \/><img loading=\"lazy\" decoding=\"async\" src=\"https:\/\/blnev.de\/wp-content\/uploads\/2021\/03\/IMG_1118-scaled.jpg\" alt=\"\" width=\"1920\" height=\"2560\" class=\"alignnone size-full wp-image-1457\" srcset=\"https:\/\/blnev.de\/wp-content\/uploads\/2021\/03\/IMG_1118-scaled.jpg 1920w, https:\/\/blnev.de\/wp-content\/uploads\/2021\/03\/IMG_1118-225x300.jpg 225w, https:\/\/blnev.de\/wp-content\/uploads\/2021\/03\/IMG_1118-768x1024.jpg 768w, https:\/\/blnev.de\/wp-content\/uploads\/2021\/03\/IMG_1118-1152x1536.jpg 1152w, https:\/\/blnev.de\/wp-content\/uploads\/2021\/03\/IMG_1118-1536x2048.jpg 1536w\" sizes=\"auto, (max-width: 1920px) 100vw, 1920px\" \/><img loading=\"lazy\" decoding=\"async\" src=\"https:\/\/blnev.de\/wp-content\/uploads\/2021\/03\/IMG_1117-scaled.jpg\" alt=\"\" width=\"2560\" height=\"1920\" class=\"alignnone size-full wp-image-1459\" srcset=\"https:\/\/blnev.de\/wp-content\/uploads\/2021\/03\/IMG_1117-scaled.jpg 2560w, https:\/\/blnev.de\/wp-content\/uploads\/2021\/03\/IMG_1117-300x225.jpg 300w, https:\/\/blnev.de\/wp-content\/uploads\/2021\/03\/IMG_1117-1024x768.jpg 1024w, https:\/\/blnev.de\/wp-content\/uploads\/2021\/03\/IMG_1117-768x576.jpg 768w, https:\/\/blnev.de\/wp-content\/uploads\/2021\/03\/IMG_1117-1536x1152.jpg 1536w, https:\/\/blnev.de\/wp-content\/uploads\/2021\/03\/IMG_1117-2048x1536.jpg 2048w, https:\/\/blnev.de\/wp-content\/uploads\/2021\/03\/IMG_1117-400x300.jpg 400w\" sizes=\"auto, (max-width: 2560px) 100vw, 2560px\" \/><\/p>\n","protected":false},"excerpt":{"rendered":"<p>Ja zu Photovoltaikanlagen, Nein zu ausw\u00e4rtigen Investoren Landwirtschaftliche Fl\u00e4chen bewahren! \u00c4ltere Beitr\u00e4ge: Liebe Besucherinnen und Besucher, die nachfolgende Glosse hat uns von einem politisch interessierten B\u00fcrger erreicht. Er hat uns gebeten, diese auf unserer Homepage zu ver\u00f6ffentlichen. F\u00fcr die inhaltlichen &hellip; <a href=\"https:\/\/blnev.de\/?page_id=1376\">Weiterlesen <span class=\"meta-nav\">&rarr;<\/span><\/a><\/p>\n","protected":false},"author":5,"featured_media":0,"parent":0,"menu_order":0,"comment_status":"closed","ping_status":"closed","template":"","meta":{"footnotes":""},"class_list":["post-1376","page","type-page","status-publish","hentry"],"_links":{"self":[{"href":"https:\/\/blnev.de\/index.php?rest_route=\/wp\/v2\/pages\/1376","targetHints":{"allow":["GET"]}}],"collection":[{"href":"https:\/\/blnev.de\/index.php?rest_route=\/wp\/v2\/pages"}],"about":[{"href":"https:\/\/blnev.de\/index.php?rest_route=\/wp\/v2\/types\/page"}],"author":[{"embeddable":true,"href":"https:\/\/blnev.de\/index.php?rest_route=\/wp\/v2\/users\/5"}],"replies":[{"embeddable":true,"href":"https:\/\/blnev.de\/index.php?rest_route=%2Fwp%2Fv2%2Fcomments&post=1376"}],"version-history":[{"count":22,"href":"https:\/\/blnev.de\/index.php?rest_route=\/wp\/v2\/pages\/1376\/revisions"}],"predecessor-version":[{"id":1988,"href":"https:\/\/blnev.de\/index.php?rest_route=\/wp\/v2\/pages\/1376\/revisions\/1988"}],"wp:attachment":[{"href":"https:\/\/blnev.de\/index.php?rest_route=%2Fwp%2Fv2%2Fmedia&parent=1376"}],"curies":[{"name":"wp","href":"https:\/\/api.w.org\/{rel}","templated":true}]}}